t r = k - 10. Suppose -54 = -o + r*w - 2*w, -160 = -5*o + 3*w. What is the remainder when o is divided by 15?
14
Let c be 0 - (-15)/6*10. Suppose b + c = 6*b. What is the remainder when 18 is divided by b?
3
Suppose 3*n = 5*n - 26. Let q = 203 + -199. What is the remainder when n is divided by q?
1
Suppose -4*k - 4*p + 68 = 0, -k - 4*p + 27 = -p. Suppose -m + 5*y = -0*m + 12, -k = -m - 3*y. Calculate the remainder when 7 is divided by m.
1
Let b = 28 + -5. What is the remainder when b is divided by 5?
3
Let j(t) = 5*t + 6. Let w be j(6). Suppose 5*k = 7*k - w. What is the remainder when k is divided by 7?
4
Let a(g) = -35*g. Suppose 0 = -2*c + 4 + 32. What is the remainder when a(-1) is divided by c?
17
Suppose -4*v + 136 = 44. What is the remainder when 404/6 + (-1)/3 is divided by v?
21
Suppose 4*z - 42 - 10 = 0. What is the remainder when 37 is divided by z?
11
Calculate the remainder when 101 is divided by 168/8 - (5 + 1).
11
Let f = -1 - -7. Calculate the remainder when 23 is divided by f.
5
Let i(v) = v**3 - v + 5. What is the remainder when 7 + (-70)/(-22) + (-42)/231 is divided by i(0)?
0
Let r(x) = -x + 1. Let p be r(-3). Let w = p - 2. Suppose -6*l + 32 = -w*l. Calculate the remainder when l is divided by 3.
2
Let n(g) = g**3 + 10*g**2 + 4. Let h be n(-10). Suppose -o - w = -4, -28 = -o - h*o - w. What is the remainder when 9 is divided by o?
3
Suppose 11*j - 984 + 313 = 0. Let h = 4 - 3. What is the remainder when j is divided by h*-2 + (2 - -21)?
19
Suppose -2*l - 49 = -9*l. Suppose -4*q - 2*p + 4*p = -56, 4 = q + 2*p. What is the remainder when q is divided by l?
5
What is the remainder when (-206)/(-4) + 15/10 is divided by 18?
17
Let p(n) = n**2 - n - 11. Let a be p(0). Let q(w) = -w**3 - 11*w**2 - w + 9. What is the remainder when 57 is divided by q(a)?
17
Let x(h) = -h**2 + 7*h - 10. Let d(o) = -o**2 + 5*o - 7. Let n(y) = -7*d(y) + 5*x(y). Calculate the remainder when 19 is divided by n(-2).
5
Suppose -3*m = -2*m - 5. Suppose 14 = 2*p - 12. Calculate the remainder when p is divided by (-3)/3 + m - -1.
3
Let j(z) be the third derivative of -z**4/24 + z**3/2 + 2*z**2. What is the remainder when 11 is divided by j(-3)?
5
Let n(u) = -u - 10. Let w(d) = -d. Let s(p) = -n(p) + 2*w(p). What is the remainder when s(-9) is divided by 10?
9
Suppose 2*z = 22 + 26. Calculate the remainder when z is divided by 13.
11
Suppose 4*w + 12 - 2 = 5*s, -5*w - s = -2. Suppose w = -4*i + 22 + 30. What is the remainder when i is divided by 7?
6
Let v(m) = -2*m**2 + 16*m - 4. What is the remainder when v(7) is divided by 7?
3
Let x(y) = 17*y**2 + 2*y - 2. Calculate the remainder when 27 is divided by x(1).
10
Let q(t) = -t**3 + 2*t**2 + 2*t - 1. Calculate the remainder when (3/((-27)/123))/((-5)/15) is divided by q(-2).
8
Let l(a) = a**3 - a**2 + a - 42. Let n be l(0). Let k = -29 - n. Let o = k + 7. What is the remainder when 58 is divided by o?
18
What is the remainder when (728/(-32))/((-1)/4) is divided by 23?
22
Let i = -65 + 125. Calculate the remainder when i is divided by 19.
3
Let l(g) = -g**2 + g + 1. Let k(r) = r**2 - r - 1. Let n(q) = 4*k(q) + 3*l(q). Let v = 2 + -1. What is the remainder when v is divided by n(2)?
0
Suppose 4 = -f + 2*f, 4*f = 2*d + 12. Let x = d + 12. What is the remainder when 53 is divided by x?
11
Let o(i) = 4*i + 2. Let l(w) = 4*w + 2. Let v(r) = 6*l(r) - 5*o(r). What is the remainder when 27 is divided by v(3)?
13
Let j = 9 - -41. Suppose 0 = 5*a - 15, 2*d - a - 3*a - j = 0. What is the remainder when d is divided by ((-8)/10)/((-2)/40)?
15
Suppose -105 = 49*y - 54*y. What is the remainder when 37 is divided by y?
16
Let b = -35 + 64. Calculate the remainder when b is divided by 10.
9
Let b = 192 + -163. Calculate the remainder when b is divided by 10.
9
Let d be 28/(-2)*2/(-4). Let i = 30 + d. Calculate the remainder when i is divided by 201/15 + (-2)/5.
11
Suppose 44 = 3*b + 2*d, -d = -4*b + 66 - 11. Suppose 0 = 4*c - 4*z - 124, 3*c = 2*z + 46 + 42. Calculate the remainder when c is divided by b.
12
Suppose v - 17 = 10. Let m = -133 + 143. What is the remainder when v is divided by m?
7
Let i = -127 + 192. Suppose 5*g + 10 = i. Suppose -5*m + 10 = 5*t, -7*t + 3*t - 16 = -2*m. Calculate the remainder when g is divided by m.
3
Let s(y) = 24*y. Let v(h) = 2*h**2 + h - 11. Calculate the remainder when v(7) is divided by s(1).
22
Let x(z) = z + 4. Let u = 730 - 717. Calculate the remainder when u is divided by x(3).
6
Suppose 4*s - 2*o - 14 = -s, 0 = -4*s + 2*o + 12. Suppose -s*i - 8 = -66. What is the remainder when i is divided by 8?
5
Suppose -t + 45 = -0*t. Suppose -5*c - 3*y + t = 0, -3*c = -y - 3*y + 2. What is the remainder when 16 is divided by c?
4
Let i(t) = 2*t + 77. Calculate the remainder when 171 is divided by i(-17).
42
Suppose 46 = -2*l + 6. Let k = 0 + -7. Let d = k - l. Calculate the remainder when 37 is divided by d.
11
Let y be 42/((-3 + 2)/(-1)). Suppose -2*i - 2*o + 0*o = -y, -2*o = -2*i + 22. What is the remainder when 143/3 - 2/3 is divided by i?
15
Let a be 18/(-21)*7/(-2). Suppose -14 = -a*r + 4*z, 2*z = 4*r - 12 - 0. Calculate the remainder when 6 is divided by r.
0
Let z be 53/3 - 3/(-9). Let h = 0 + -2. Let l = z - h. What is the remainder when 39 is divided by l?
19
Let b(t) = 2*t**2 - 6*t + 1. Calculate the remainder when 25 is divided by b(4).
7
Suppose 0 = 4*b - 3*b. Suppose b = -r + 2*r - 6. Let j(n) = n**2 - n - 6. What is the remainder when j(r) is divided by 13?
11
Suppose 4*y = 45 + 7. Suppose 4*u + 5*d = d + 12, 3*u = 3*d + 33. Calculate the remainder when y is divided by u.
6
Suppose 2*w - 2*o + 65 = 3*w, -2*o - 300 = -4*w. Let t = w - 23. Suppose -2*m + t = 4*x, 4*m + 2*x - 121 = -9. What is the remainder when m is divided by 10?
9
Let u(m) = -5*m**3 + m**2 + 2*m - 1. Let z be u(-2). Suppose 0 = -3*q - 60 - z. What is the remainder when (q + 2)*4/(-4) is divided by 17?
14
Let m(i) = i**3 + 6*i**2 + i - 3. Calculate the remainder when m(-5) is divided by 6.
5
Suppose 9 = m + 2*q, -m = -2*m + q + 3. Let y be m + (1 - (-2 - -6)). What is the remainder when 29 is divided by y/(-3) + 141/9?
14
Let n(d) = -d - 11. Let q be n(-5). What is the remainder when 2 - (-3)/q*-6 is divided by 2?
1
Let l(r) = -6*r - 3. Let m(d) = -d**2 + 6*d - 5. Let n be m(6). Let z = 3 - n. Calculate the remainder when l(-3) is divided by z.
7
Let x(k) = 2*k**3 - 3*k**2 + 4*k - 2. Calculate the remainder when 146 is divided by x(3).
35
Suppose -5*s + 3 = -7. Suppose 6 = -z + s*z. What is the remainder when ((-6)/(-5))/(12/160) is divided by z?
4
Suppose -17 - 9 = -v. Suppose u - 4*k = -0*k + 22, 2*k + 46 = 3*u. Calculate the remainder when v is divided by u.
12
Let z be (-145)/10 - (-2)/4. Let w = 21 + z. Calculate the remainder when 20 is divided by w.
6
Let u(m) = 3*m**3 - m**2 - m + 1. Suppose 2*y - 4*y = -2. Let p be u(y). Suppose p*g + g - 21 = 0. Calculate the remainder when 20 is divided by g.
6
Suppose 3*o + 10 - 43 = 0. Let u(q) = -q**3 - 2*q**2 + 5*q - 3. Let d be u(-4). Let w = o + d. What is the remainder when w is divided by 7?
6
Let q(m) = m**3 - 10*m**2 + 10*m - 12. Let v be q(9). Let z(j) = 15*j - 2. Let c be z(v). Let h = -27 - c. What is the remainder when h is divided by 7?
6
Let q(b) = -2*b - 43. Calculate the remainder when 2 is divided by q(-22).
0
Let s = 26 - 13. What is the remainder when 23 is divided by s?
10
Suppose 0 = h + h + n - 7, 3*h - n - 3 = 0. Calculate the remainder when 7 is divided by h.
1
Suppose -4*g - 2*c = -162, -2*g = 4*c - 21 - 57. Suppose -5*h - 9 = -14, 5*h = 4*j - 51. Calculate the remainder when g is divided by j.
13
Let s(u) = 5*u - 34. What is the remainder when 44 is divided by s(10)?
12
Suppose 7*w - 3*w + z - 239 = 0, 2*z - 295 = -5*w. Calculate the remainder when w is divided by 32.
29
Let q be 2 - (-4 - (-12)/4). Suppose q*a - 14 = -2*p - a, 0 = -4*p - 5*a + 34. Calculate the remainder when p is divided by 3.
2
Let x = -56 + 129. Calculate the remainder when x is divided by 19.
16
Let x(d) = 14*d**2 - d. Let t be ((-1)/4)/((-1)/4). Calculate the remainder when 37 is divided by x(t).
11
Suppose 47 = -4*u - 73. Let a = -9 - u. Calculate the remainder when a is divided by 12.
9
Let i = 113 + -323. What is the remainder when (24/(-20))/(9/i) is divided 